{"id":184,"date":"2023-09-07T13:48:50","date_gmt":"2023-09-07T11:48:50","guid":{"rendered":"https:\/\/liraexpressions.com\/?page_id=184"},"modified":"2024-06-07T18:44:59","modified_gmt":"2024-06-07T16:44:59","slug":"propostes","status":"publish","type":"page","link":"https:\/\/liraexpressions.com\/?page_id=184","title":{"rendered":"proposta"},"content":{"rendered":"\t\t<div data-elementor-type=\"wp-page\" data-elementor-id=\"184\" class=\"elementor elementor-184\">\n\t\t\t\t\t\t\t\t\t<section class=\"elementor-section elementor-top-section elementor-element elementor-element-f8efc80 elementor-section-boxed elementor-section-height-default elementor-section-height-default\" data-id=\"f8efc80\" data-element_type=\"section\">\n\t\t\t\t\t\t<div class=\"elementor-container elementor-column-gap-default\">\n\t\t\t\t\t<div class=\"elementor-column elementor-col-100 elementor-top-column elementor-element elementor-element-dcd3a6d\" data-id=\"dcd3a6d\" data-element_type=\"column\">\n\t\t\t<div class=\"elementor-widget-wrap elementor-element-populated\">\n\t\t\t\t\t\t\t\t<div class=\"elementor-element elementor-element-d1e69d5 elementor-widget-mobile__width-inherit elementor-widget elementor-widget-image\" data-id=\"d1e69d5\" data-element_type=\"widget\" data-widget_type=\"image.default\">\n\t\t\t\t<div class=\"elementor-widget-container\">\n\t\t\t<style>\/*! elementor - v3.15.0 - 09-08-2023 *\/\n.elementor-widget-image{text-align:center}.elementor-widget-image a{display:inline-block}.elementor-widget-image a img[src$=\".svg\"]{width:48px}.elementor-widget-image img{vertical-align:middle;display:inline-block}<\/style>\t\t\t\t\t\t\t\t\t\t\t\t<img loading=\"lazy\" decoding=\"async\" width=\"1536\" height=\"636\" src=\"https:\/\/liraexpressions.com\/wp-content\/uploads\/2023\/10\/esquema-propuesta-1536x636.jpg\" class=\"attachment-1536x1536 size-1536x1536 wp-image-427\" alt=\"\" srcset=\"https:\/\/liraexpressions.com\/wp-content\/uploads\/2023\/10\/esquema-propuesta-1536x636.jpg 1536w, https:\/\/liraexpressions.com\/wp-content\/uploads\/2023\/10\/esquema-propuesta-2048x848.jpg 2048w\" sizes=\"auto, (max-width: 1536px) 100vw, 1536px\" \/>\t\t\t\t\t\t\t\t\t\t\t\t\t\t\t<\/div>\n\t\t\t\t<\/div>\n\t\t\t\t<div class=\"elementor-element elementor-element-756b0e0 elementor-widget__width-inherit elementor-widget-mobile__width-inherit elementor-widget elementor-widget-heading\" data-id=\"756b0e0\" data-element_type=\"widget\" data-widget_type=\"heading.default\">\n\t\t\t\t<div class=\"elementor-widget-container\">\n\t\t\t<style>\/*! elementor - v3.15.0 - 09-08-2023 *\/\n.elementor-heading-title{padding:0;margin:0;line-height:1}.elementor-widget-heading .elementor-heading-title[class*=elementor-size-]>a{color:inherit;font-size:inherit;line-height:inherit}.elementor-widget-heading .elementor-heading-title.elementor-size-small{font-size:15px}.elementor-widget-heading .elementor-heading-title.elementor-size-medium{font-size:19px}.elementor-widget-heading .elementor-heading-title.elementor-size-large{font-size:29px}.elementor-widget-heading .elementor-heading-title.elementor-size-xl{font-size:39px}.elementor-widget-heading .elementor-heading-title.elementor-size-xxl{font-size:59px}<\/style><h2 class=\"elementor-heading-title elementor-size-default\">La LiRA \u00e9s una il\u00b7lustraci\u00f3 molt senzilla, i a la vegada molt expressiva, que el seu principal prop\u00f2sit \u00e9s convidar a la persona que est\u00e0 veient la imatge a la reflexi\u00f3. Hi ha una intenci\u00f3 a despertar la imaginaci\u00f3 i la creativitat, entenent que la creativitat permet mirar m\u00e9s enll\u00e0 i, per tant, deixar-nos anar.\nCom a objectius espec\u00edfics plantejo els seg\u00fcents:<br><br>\n-\tObrir nous espais d\u2019expressi\u00f3 i reflexi\u00f3 sobre el nostre entorn i sobre nosaltres.<br>\n-\tRe-connectar amb la nostra imaginaci\u00f3 i expressi\u00f3 art\u00edstica.<br>\n-\tAportar l\u2019\u00fas de les preguntes com a eina quotidiana per a la reflexi\u00f3 i el creixement personal.<br>\n-\tOferir una pausa conscient amb l\u2019aqu\u00ed i l\u2019ara que es desvinculi del ritme del nostre dia a dia per connectar-nos amb nosaltres.<br>\n-\tCrear espais de confian\u00e7a i benestar per a compartir-nos i expressar-nos.<br>\n-\tPromoure la conviv\u00e8ncia respectuosa en la comunitat i\/o grups tenint en compte la diversitat cultural i religiosa dels col\u00b7lectius i la perspectiva de g\u00e8nere a trav\u00e9s d\u2019obrir escoltes i di\u00e0legs en com\u00fa.\n<br><br>\nApart dels processos personals com a coach, estic duent a terme tallers, xerrades i propostes per a diferents edats i en varis centres:\n<br><br>\n- Educaci\u00f3 infantil i prim\u00e0ria a l\u2019Escola Sant Crist\u00f2fol, Premi\u00e0 de Mar<br>\n- Institut P\u00fablic Vilatzara, Vilassar de Mar<br>\n- Cicles Formatius, Institut Maremar, El Masnou<br>\n- Jesu\u00eftes de Gr\u00e0cia, Barcelona<br>\n- Facultat de Pedagogia, Universitat de Barcelona<br>\n- Col\u00b7loquis a l\u2019Espai Gatassa per adults, Matar\u00f3<br>\n- Tallers dintre del I Encontre de Coaching Ontol\u00f2gic de la AACOP Internacional, Barcelona<br>\n- Tallers de prop\u00f2sits, Barcelona i al Masnou<br>\n- Tallers de benestar i cura per a gent gran, \u00d2rrius i al Masnou<br>\n- Taller per a la Fundaci\u00f3 Mol\u00ed d'en Puigvert, al Masnou<br>\n- Exposici\u00f3 d'art participativa a Gent del Masnou i a cafeteries, al Masnou\n\n<br><br>Per a un m\u00f3n emocional m\u00e9s sostenible!<br><\/h2>\t\t<\/div>\n\t\t\t\t<\/div>\n\t\t\t\t<div class=\"elementor-element elementor-element-a730b3e elementor-widget__width-inherit elementor-widget-mobile__width-inherit elementor-widget elementor-widget-image\" data-id=\"a730b3e\" data-element_type=\"widget\" data-widget_type=\"image.default\">\n\t\t\t\t<div class=\"elementor-widget-container\">\n\t\t\t\t\t\t\t\t\t\t\t\t\t\t\t<img loading=\"lazy\" decoding=\"async\" width=\"1536\" height=\"599\" src=\"https:\/\/liraexpressions.com\/wp-content\/uploads\/2024\/06\/relaxada-1536x599.png\" class=\"attachment-1536x1536 size-1536x1536 wp-image-879\" alt=\"\" srcset=\"https:\/\/liraexpressions.com\/wp-content\/uploads\/2024\/06\/relaxada-1536x599.png 1536w, https:\/\/liraexpressions.com\/wp-content\/uploads\/2024\/06\/relaxada-2048x799.png 2048w\" sizes=\"auto, (max-width: 1536px) 100vw, 1536px\" \/>\t\t\t\t\t\t\t\t\t\t\t\t\t\t\t<\/div>\n\t\t\t\t<\/div>\n\t\t\t\t\t<\/div>\n\t\t<\/div>\n\t\t\t\t\t\t\t<\/div>\n\t\t<\/section>\n\t\t\t\t\t\t\t<\/div>\n\t\t","protected":false},"excerpt":{"rendered":"<p>La LiRA \u00e9s una il\u00b7lustraci\u00f3 molt senzilla, i a la vegada molt expressiva, que el seu principal prop\u00f2sit \u00e9s convidar a la persona que est\u00e0 veient la imatge a la reflexi\u00f3. Hi ha una intenci\u00f3 a despertar la imaginaci\u00f3 i la creativitat, entenent que la creativitat permet mirar m\u00e9s enll\u00e0 i, per tant, deixar-nos anar. [&hellip;]<\/p>\n","protected":false},"author":1,"featured_media":0,"parent":0,"menu_order":0,"comment_status":"closed","ping_status":"closed","template":"","meta":{"footnotes":""},"class_list":["post-184","page","type-page","status-publish","hentry"],"_links":{"self":[{"href":"https:\/\/liraexpressions.com\/index.php?rest_route=\/wp\/v2\/pages\/184","targetHints":{"allow":["GET"]}}],"collection":[{"href":"https:\/\/liraexpressions.com\/index.php?rest_route=\/wp\/v2\/pages"}],"about":[{"href":"https:\/\/liraexpressions.com\/index.php?rest_route=\/wp\/v2\/types\/page"}],"author":[{"embeddable":true,"href":"https:\/\/liraexpressions.com\/index.php?rest_route=\/wp\/v2\/users\/1"}],"replies":[{"embeddable":true,"href":"https:\/\/liraexpressions.com\/index.php?rest_route=%2Fwp%2Fv2%2Fcomments&post=184"}],"version-history":[{"count":118,"href":"https:\/\/liraexpressions.com\/index.php?rest_route=\/wp\/v2\/pages\/184\/revisions"}],"predecessor-version":[{"id":907,"href":"https:\/\/liraexpressions.com\/index.php?rest_route=\/wp\/v2\/pages\/184\/revisions\/907"}],"wp:attachment":[{"href":"https:\/\/liraexpressions.com\/index.php?rest_route=%2Fwp%2Fv2%2Fmedia&parent=184"}],"curies":[{"name":"wp","href":"https:\/\/api.w.org\/{rel}","templated":true}]}}

<div data-elementor-type="wp-page" data-elementor-id="184" class="elementor elementor-184">
									<section class="elementor-section elementor-top-section elementor-element elementor-element-f8efc80 elementor-section-boxed elementor-section-height-default elementor-section-height-default" data-id="f8efc80" data-element_type="section">
						<div class="elementor-container elementor-column-gap-default">
					<div class="elementor-column elementor-col-100 elementor-top-column elementor-element elementor-element-dcd3a6d" data-id="dcd3a6d" data-element_type="column">
			<div class="elementor-widget-wrap elementor-element-populated">
								<div class="elementor-element elementor-element-d1e69d5 elementor-widget-mobile__width-inherit elementor-widget elementor-widget-image" data-id="d1e69d5" data-element_type="widget" data-widget_type="image.default">
				<div class="elementor-widget-container">
			<style>/*! elementor - v3.15.0 - 09-08-2023 */
.elementor-widget-image{text-align:center}.elementor-widget-image a{display:inline-block}.elementor-widget-image a img[src$=".svg"]{width:48px}.elementor-widget-image img{vertical-align:middle;display:inline-block}</style>												<img loading="lazy" decoding="async" width="1536" height="636" src="https://liraexpressions.com/wp-content/uploads/2023/10/esquema-propuesta-1536x636.jpg" class="attachment-1536x1536 size-1536x1536 wp-image-427" alt="" srcset="https://liraexpressions.com/wp-content/uploads/2023/10/esquema-propuesta-1536x636.jpg 1536w, https://liraexpressions.com/wp-content/uploads/2023/10/esquema-propuesta-2048x848.jpg 2048w" sizes="auto, (max-width: 1536px) 100vw, 1536px" />															</div>
				</div>
				<div class="elementor-element elementor-element-756b0e0 elementor-widget__width-inherit elementor-widget-mobile__width-inherit elementor-widget elementor-widget-heading" data-id="756b0e0" data-element_type="widget" data-widget_type="heading.default">
				<div class="elementor-widget-container">
			<style>/*! elementor - v3.15.0 - 09-08-2023 */
.elementor-heading-title{padding:0;margin:0;line-height:1}.elementor-widget-heading .elementor-heading-title[class*=elementor-size-]>a{color:inherit;font-size:inherit;line-height:inherit}.elementor-widget-heading .elementor-heading-title.elementor-size-small{font-size:15px}.elementor-widget-heading .elementor-heading-title.elementor-size-medium{font-size:19px}.elementor-widget-heading .elementor-heading-title.elementor-size-large{font-size:29px}.elementor-widget-heading .elementor-heading-title.elementor-size-xl{font-size:39px}.elementor-widget-heading .elementor-heading-title.elementor-size-xxl{font-size:59px}</style><h2 class="elementor-heading-title elementor-size-default">La LiRA és una il·lustració molt senzilla, i a la vegada molt expressiva, que el seu principal propòsit és convidar a la persona que està veient la imatge a la reflexió. Hi ha una intenció a despertar la imaginació i la creativitat, entenent que la creativitat permet mirar més enllà i, per tant, deixar-nos anar.
Com a objectius específics plantejo els següents:<br><br>
-	Obrir nous espais d’expressió i reflexió sobre el nostre entorn i sobre nosaltres.<br>
-	Re-connectar amb la nostra imaginació i expressió artística.<br>
-	Aportar l’ús de les preguntes com a eina quotidiana per a la reflexió i el creixement personal.<br>
-	Oferir una pausa conscient amb l’aquí i l’ara que es desvinculi del ritme del nostre dia a dia per connectar-nos amb nosaltres.<br>
-	Crear espais de confiança i benestar per a compartir-nos i expressar-nos.<br>
-	Promoure la convivència respectuosa en la comunitat i/o grups tenint en compte la diversitat cultural i religiosa dels col·lectius i la perspectiva de gènere a través d’obrir escoltes i diàlegs en comú.
<br><br>
Apart dels processos personals com a coach, estic duent a terme tallers, xerrades i propostes per a diferents edats i en varis centres:
<br><br>
- Educació infantil i primària a l’Escola Sant Cristòfol, Premià de Mar<br>
- Institut Públic Vilatzara, Vilassar de Mar<br>
- Cicles Formatius, Institut Maremar, El Masnou<br>
- Jesuïtes de Gràcia, Barcelona<br>
- Facultat de Pedagogia, Universitat de Barcelona<br>
- Col·loquis a l’Espai Gatassa per adults, Mataró<br>
- Tallers dintre del I Encontre de Coaching Ontològic de la AACOP Internacional, Barcelona<br>
- Tallers de propòsits, Barcelona i al Masnou<br>
- Tallers de benestar i cura per a gent gran, Òrrius i al Masnou<br>
- Taller per a la Fundació Molí d'en Puigvert, al Masnou<br>
- Exposició d'art participativa a Gent del Masnou i a cafeteries, al Masnou

<br><br>Per a un món emocional més sostenible!<br></h2>		</div>
				</div>
				<div class="elementor-element elementor-element-a730b3e elementor-widget__width-inherit elementor-widget-mobile__width-inherit elementor-widget elementor-widget-image" data-id="a730b3e" data-element_type="widget" data-widget_type="image.default">
				<div class="elementor-widget-container">
															<img loading="lazy" decoding="async" width="1536" height="599" src="https://liraexpressions.com/wp-content/uploads/2024/06/relaxada-1536x599.png" class="attachment-1536x1536 size-1536x1536 wp-image-879" alt="" srcset="https://liraexpressions.com/wp-content/uploads/2024/06/relaxada-1536x599.png 1536w, https://liraexpressions.com/wp-content/uploads/2024/06/relaxada-2048x799.png 2048w" sizes="auto, (max-width: 1536px) 100vw, 1536px" />															</div>
				</div>
					</div>
		</div>
							</div>
		</section>
							</div>

<p>La LiRA és una il·lustració molt senzilla, i a la vegada molt expressiva, que el seu principal propòsit és convidar a la persona que està veient la imatge a la reflexió. Hi ha una intenció a despertar la imaginació i la creativitat, entenent que la creativitat permet mirar més enllà i, per tant, deixar-nos anar. [&hellip;]</p>
